ainder when 2370758 is divided by 27?
23
What is the remainder when 201618 is divided by 744?
738
What is the remainder when 263039 is divided by 480?
479
Calculate the remainder when 43801 is divided by 8.
1
What is the remainder when 4093 is divided by 1683?
727
Calculate the remainder when 9697 is divided by 8.
1
What is the remainder when 162873 is divided by 147?
144
What is the remainder when 4178 is divided by 1077?
947
Calculate the remainder when 11341 is divided by 392.
365
What is the remainder when 581 is divided by 553?
28
What is the remainder when 3868 is divided by 38?
30
Calculate the remainder when 4753 is divided by 790.
13
What is the remainder when 42028 is divided by 207?
7
Calculate the remainder when 1332594 is divided by 1046.
1036
What is the remainder when 57407 is divided by 598?
597
Calculate the remainder when 25019 is divided by 36.
35
Calculate the remainder when 7709 is divided by 371.
289
Calculate the remainder when 4011377 is divided by 653.
651
Calculate the remainder when 62744 is divided by 31371.
2
Calculate the remainder when 209703 is divided by 7.
4
What is the remainder when 51193 is divided by 4265?
13
Calculate the remainder when 350942 is divided by 8.
6
Calculate the remainder when 678 is divided by 225.
3
Calculate the remainder when 4064 is divided by 1362.
1340
What is the remainder when 12534 is divided by 448?
438
What is the remainder when 52103 is divided by 95?
43
Calculate the remainder when 3903 is divided by 389.
13
What is the remainder when 17119 is divided by 2834?
115
What is the remainder when 108901 is divided by 2?
1
What is the remainder when 999 is divided by 961?
38
What is the remainder when 15540 is divided by 33?
30
What is the remainder when 298364 is divided by 504?
500
Calculate the remainder when 38870 is divided by 114.
110
What is the remainder when 24365 is divided by 24355?
10
What is the remainder when 8425 is divided by 1675?
50
What is the remainder when 65623 is divided by 1151?
16
Calculate the remainder when 15120 is divided by 5034.
18
What is the remainder when 226433 is divided by 18?
11
Calculate the remainder when 11116 is divided by 5376.
364
Calculate the remainder when 5990 is divided by 17.
6
Calculate the remainder when 76519 is divided by 11.
3
Calculate the remainder when 2177 is divided by 326.
221
What is the remainder when 1818 is divided by 20?
18
What is the remainder when 6326 is divided by 1536?
182
What is the remainder when 601746 is divided by 286?
2
What is the remainder when 808025 is divided by 269334?
23
Calculate the remainder when 25808 is divided by 178.
176
Calculate the remainder when 15732 is divided by 1747.
9
Calculate the remainder when 3411197 is divided by 328.
325
Calculate the remainder when 2484 is divided by 209.
185
Calculate the remainder when 118825 is divided by 10.
5
Calculate the remainder when 496413 is divided by 47.
46
Calculate the remainder when 22090 is divided by 49.
40
What is the remainder when 114435 is divided by 16?
3
What is the remainder when 881 is divided by 502?
379
What is the remainder when 635 is divided by 2?
1
What is the remainder when 13312 is divided by 99?
46
Calculate the remainder when 89246 is divided by 156.
14
What is the remainder when 50552 is divided by 179?
74
Calculate the remainder when 762644 is divided by 25.
19
Calculate the remainder when 14663 is divided by 2919.
68
What is the remainder when 110184 is divided by 33?
30
Calculate the remainder when 2762575 is divided by 13.
10
Calculate the remainder when 49400 is divided by 18.
8
What is the remainder when 814414 is divided by 141?
139
Calculate the remainder when 5625 is divided by 2809.
7
What is the remainder when 15083 is divided by 35?
33
What is the remainder when 20359 is divided by 6779?
22
What is the remainder when 516 is divided by 27?
3
What is the remainder when 540765 is divided by 129?
126
What is the remainder when 19660 is divided by 221?
212
Calculate the remainder when 97169 is divided by 325.
319
What is the remainder when 1260366 is divided by 261?
258
Calculate the remainder when 809652 is divided by 12456.
12
Calculate the remainder when 878133 is divided by 733.
732
What is the remainder when 1469294 is divided by 233?
229
What is the remainder when 226559 is divided by 7?
4
Calculate the remainder when 8073 is divided by 449.
440
What is the remainder when 106646 is divided by 364?
358
What is the remainder when 20654 is divided by 66?
62
Calculate the remainder when 87098 is divided by 17412.
38
Calculate the remainder when 53031 is divided by 265.
31
Calculate the remainder when 28012 is divided by 161.
159
Calculate the remainder when 761 is divided by 66.
35
Calculate the remainder when 1164486 is divided by 61.
57
Calculate the remainder when 1471 is divided by 64.
63
Calculate the remainder when 33573 is divided by 24.
21
Calculate the remainder when 169034 is divided by 28.
26
What is the remainder when 137142 is divided by 311?
302
What is the remainder when 22952 is divided by 90?
2
Calculate the remainder when 40928 is divided by 18.
14
Calculate the remainder when 18028 is divided by 2201.
420
Calculate the remainder when 39460 is divided by 318.
28
Calculate the remainder when 1688 is divided by 318.
98
Calculate the remainder when 150593 is divided by 50188.
29
Calculate the remainder when 10734 is divided by 2678.
22
Calculate the remainder when 63227 is divided by 10534.
23
What is the remainder when 6494 is divided by 27?
14
Calculate the remainder when 1860 is divided by 69.
66
Calculate the remainder when 41498 is divided by 50.
48
What is the remainder when 677324 is divided by 16?
12
Calculate the remainder when 1561 is divided by 1420.
141
Calculate the remainder when 216682 is divided by 18056.
10
Calculate the remainder when 12498 is divided by 1785.
3
Calculate the remainder when 32780 is divided by 2979.
11
What is the remainder when 2106363 is divided by 5?
3
Calculate the remainder when 41087 is divided by 142.
49
What is the remainder when 5233 is divided by 1286?
89
What is the remainder when 155873 is divided by 233?
229
What is the remainder when 3329 is divided by 831?
5
Calculate the remainder when 83678 is divided by 90.
68
Calculate the remainder when 817403 is divided by 272453.
44
What is the remainder when 16445 is divided by 3288?
5
What is the remainder when 1716 is divided by 176?
132
Calculate the remainder when 176690 is divided by 29446.
14
What is the remainder when 27098 is divided by 553?
1
Calculate the remainder when 246588 is divided by 27.
24
Calculate the remainder when 51248 is divided by 17073.
29
Calculate the remainder when 2744 is divided by 240.
104
Calculate the remainder when 5210 is divided by 89.
48
Calculate the remainder when 94975 is divided by 37.
33
Calculate the remainder when 13197 is divided by 129.
39
Calculate the remainder when 56082 is divided by 55.
37
Calculate the remainder when 206246 is divided by 187.
172
What is the remainder when 74157 is divided by 24?
21
What is the remainder when 31415 is divided by 100?
15
Calculate the remainder when 264198 is divided by 100.
98
What is the remainder when 24126 is divided by 5901?
522
What is the remainder when 62625 is divided by 608?
1
Calculate the remainder when 31376 is divided by 532.
520
Calculate the remainder when 16227 is divided by 180.
27
Calculate the remainder when 9471 is divided by 1385.
1161
Calculate the remainder when 3237 is divided by 83.
0
Calculate the remainder when 43000 is divided by 488.
56
What is the remainder when 239014 is divided by 3855?
4
Calculate the remainder when 340118 is divided by 459.
458
Calculate the remainder when 755729 is divided by 27.
26
Calculate the remainder when 63 is divided by 4.
3
Calculate the remainder when 2239 is divided by 1085.
69
What is the remainder when 415055 is divided by 763?
746
Calculate the remainder when 4047696 is divided by 100.
96
What is the remainder when 3337 is divided by 911?
604
What is the remainder when 102292 is divided by 8?
4
Calculate the remainder when 4467 is divided by 53.
15
Calculate the remainder when 451628 is divided by 9818.
0
Calculate the remainder when 771 is divided by 90.
